591?
5
What is the hundreds digit of 1944?
9
What is the thousands digit of 2375?
2
What is the hundreds digit of 197?
1
What is the thousands digit of 30439?
0
What is the hundreds digit of 15529?
5
What is the units digit of 1452?
2
What is the tens digit of 48906?
0
What is the tens digit of 3704?
0
What is the tens digit of 70734?
3
What is the hundreds digit of 600?
6
What is the tens digit of 5253?
5
What is the tens digit of 17944?
4
What is the units digit of 3959?
9
What is the hundreds digit of 19176?
1
What is the hundreds digit of 994?
9
What is the thousands digit of 1037?
1
What is the thousands digit of 25997?
5
What is the units digit of 6446?
6
What is the tens digit of 302?
0
What is the tens digit of 1937?
3
What is the thousands digit of 14758?
4
What is the tens digit of 3541?
4
What is the thousands digit of 69489?
9
What is the thousands digit of 26133?
6
What is the hundreds digit of 492?
4
What is the tens digit of 20195?
9
What is the units digit of 11747?
7
What is the hundreds digit of 7265?
2
What is the hundreds digit of 872?
8
What is the thousands digit of 3134?
3
What is the tens digit of 814?
1
What is the hundreds digit of 34863?
8
What is the units digit of 6349?
9
What is the hundreds digit of 12801?
8
What is the tens digit of 8158?
5
What is the tens digit of 6777?
7
What is the tens digit of 10625?
2
What is the tens digit of 878?
7
What is the units digit of 3706?
6
What is the hundreds digit of 28954?
9
What is the hundreds digit of 226?
2
What is the units digit of 5725?
5
What is the hundreds digit of 3193?
1
What is the thousands digit of 1003?
1
What is the tens digit of 706?
0
What is the hundreds digit of 593?
5
What is the units digit of 357?
7
What is the hundreds digit of 1890?
8
What is the hundreds digit of 1444?
4
What is the tens digit of 354?
5
What is the hundreds digit of 43492?
4
What is the units digit of 1685?
5
What is the ten thousands digit of 12610?
1
What is the tens digit of 2312?
1
What is the hundreds digit of 2647?
6
What is the units digit of 69772?
2
What is the units digit of 252?
2
What is the thousands digit of 79598?
9
What is the hundreds digit of 5170?
1
What is the ten thousands digit of 75571?
7
What is the tens digit of 210?
1
What is the thousands digit of 1765?
1
What is the hundreds digit of 725?
7
What is the ten thousands digit of 88759?
8
What is the ten thousands digit of 10395?
1
What is the tens digit of 3414?
1
What is the units digit of 2748?
8
What is the thousands digit of 4909?
4
What is the thousands digit of 15032?
5
What is the hundreds digit of 689?
6
What is the tens digit of 67?
6
What is the units digit of 290?
0
What is the thousands digit of 2440?
2
What is the tens digit of 1041?
4
What is the tens digit of 849?
4
What is the ten thousands digit of 13677?
1
What is the units digit of 2054?
4
What is the units digit of 1808?
8
What is the thousands digit of 20378?
0
What is the units digit of 44941?
1
What is the ten thousands digit of 12603?
1
What is the tens digit of 22569?
6
What is the hundreds digit of 60359?
3
What is the units digit of 2129?
9
What is the thousands digit of 7666?
7
What is the hundreds digit of 1202?
2
What is the ten thousands digit of 12946?
1
What is the units digit of 11355?
5
What is the thousands digit of 7506?
7
What is the tens digit of 4416?
1
What is the hundreds digit of 1856?
8
What is the units digit of 39248?
8
What is the units digit of 2615?
5
What is the units digit of 2739?
9
What is the hundreds digit of 380?
3
What is the thousands digit of 11903?
1
What is the ten thousands digit of 21755?
2
What is the thousands digit of 25077?
5
What is the units digit of 2715?
5
What is the tens digit of 24909?
0
What is the tens digit of 74866?
6
What is the units digit of 25181?
1
What is the hundreds digit of 1021?
0
What is the tens digit of 560?
6
What is the units digit of 335?
5
What is the hundreds digit of 3257?
2
What is the ten thousands digit of 50928?
5
What is the tens digit of 12452?
5
What is the thousands digit of 1868?
1
What is the thousands digit of 30020?
0
What is the tens digit of 39706?
0
What is the units digit of 493?
3
What is the ten thousands digit of 31699?
3
What is the hundreds digit of 31677?
6
What is the thousands digit of 78394?
8
What is the hundreds digit of 2659?
6
What is the units digit of 3732?
2
What is the thousands digit of 61920?
1
What is the units digit of 12835?
5
What is the thousands digit of 3118?
3
What is the tens digit of 1947?
4
What is the units digit of 105291?
1
What is the thousands digit of 7002?
7
What is the hundreds digit of 8361?
3
What is the units digit of 5095?
5
What is the thousands digit of 6350?
6
What is the thousands digit of 54840?
4
What is the hundreds digit of 5511?
5
What is the units digit of 2386?
6
What is the tens digit of 1599?
9
What is the hundreds digit of 767?
7
What is the thousands digit of 2958?
2
What is the tens digit of 1328?
2
What is the ten thousands digit of 25963?
2
What is the tens digit of 502?
0
What is the hundreds digit of 793?
7
What is the thousands digit of 123746?
3
What is the hundreds digit of 11550?
5
What is the thousands digit of 1661?
1
What is the tens digit of 782?
8
What is the thousands digit of 1521?
1
What is the tens digit of 29082?
8
What is the tens digit of 82023?
2
What is the hundreds digit of 1206?
2
What is the hundreds digit of 8525?
5
What is the units digit of 10337?
7
What is the thousands digit of 3863?
3
What is the hundreds digit of 6814?
8
What is the units digit of 25?
5
What is the units digit of 1142?
2
What is the ten thousands digit of 79709?
7
What is the tens digit of 390?
9
What is the tens digit of 38332?
3
What is the hundreds digit of 264?
2
What is the ten thousands digit of 26203?
2
What is the thousands digit of 2113?
2
What is the tens digit of 18024?
2
What is the ten thousands digit of 42829?
4
What is the hundreds digit of 6457?
4
What is the ten thousands digit of 34737?
3
What is the units digit of 129270?
0
What is the ten thousands digit of 10738?
1
What is the tens digit of 6500?
0
What is the thousands digit of 15696?
5
What is the units digit of 6309?
9
What is the units digit of 4156?
6
What is the thousands digit of 117652?
7
What is the thousands digit of 7327?
7
What is the tens digit of 262?
6
What is the units digit of 15369?
9
What is the units digit of 210?
0
What is the hundreds digit of 43927?
9
What is the units digit of 13965?
5
What is the thousands digit of 35289?
5
What is the hundreds digit of 497?
4
What is the tens digit of 3559?
5
What is the units digit of 98583?
3
What is the thousands digit of 64213?
4
What is the tens digit of 1492?
9
What is the tens digit of 63614?
1
What is the hundreds digit of 25178?
1
What is the thousands digit of 85184?
5
What is the thousands digit of 2208?
2
What is the units digit of 9993?
3
What is the ten thousands digit of 12612?
1
What is the hundreds digit of 1473?
4
What is the units digit of 1609?
9
What is the units digit of 32650?
0
What is the units digit of 1797?
7
What is the tens digit of 739?
3
What is the hundreds digit of 1327?
3
What is the hundreds digit of 2242?
2
What is the thousands digit of 21075?
1
What is the thousands digit of 23816?
3
What is the units digit of 737?
7
What is the tens digit of 912?
1
What is the hundreds digit of 130?
1
What is the hundreds digit of 4178?
1
What is the hundreds digit of 352?
3
What is the thousands digit of 16538?
6
What is the tens digit of 9292?
9
What is the hundreds digit of 508?
5
What is the hundreds digit of 4197?
1
What is the tens digit of 100204?
0
What is the units digit of 21216?
6
What is the ten thousands digit of 11943?
1
What is the tens digit of 8354?
5
What is the tens digit of 1006?
0
What is the units digit of 3148?
8
What is the hundreds digit of 3803?
8
What is the hundreds digit of 5772?
7
What is the tens digit of 9882?
8
What is the units digit of 2318?
8
What is the units digit of 657?
7
What is the units digit of 678?
8
What is the ten thousands digit of 33648?
3
What is the tens digit of 2760?
6
What is the units digit of 787?
7
What is the tens digit of 369?
6
What is the hundreds digit of 131358?
3
What is t